{"id":547,"date":"2025-12-01T10:55:54","date_gmt":"2025-12-01T09:55:54","guid":{"rendered":"https:\/\/www.jaorrshona.fr\/?page_id=547"},"modified":"2026-04-21T12:23:48","modified_gmt":"2026-04-21T10:23:48","slug":"human-design","status":"publish","type":"page","link":"https:\/\/www.jaorrshona.fr\/?page_id=547","title":{"rendered":"Human Design"},"content":{"rendered":"\t\t<div data-elementor-type=\"wp-page\" data-elementor-id=\"547\" class=\"elementor elementor-547\">\n\t\t\t\t\t\t<section class=\"elementor-section elementor-top-section elementor-element elementor-element-06b327a elementor-section-boxed elementor-section-height-default elementor-section-height-default\" data-id=\"06b327a\" data-element_type=\"section\" data-e-type=\"section\">\n\t\t\t\t\t\t<div class=\"elementor-container elementor-column-gap-default\">\n\t\t\t\t\t<div class=\"elementor-column elementor-col-100 elementor-top-column elementor-element elementor-element-6882fa2\" data-id=\"6882fa2\" data-element_type=\"column\" data-e-type=\"column\">\n\t\t\t<div class=\"elementor-widget-wrap elementor-element-populated\">\n\t\t\t\t\t\t<div class=\"elementor-element elementor-element-49341b1 elementor-widget elementor-widget-text-editor\" data-id=\"49341b1\" data-element_type=\"widget\" data-e-type=\"widget\" data-widget_type=\"text-editor.default\">\n\t\t\t\t<div class=\"elementor-widget-container\">\n\t\t\t\t\t\t\t\t\t<p><strong>Human Design : une boussole pour r\u00e9v\u00e9ler son essence<\/strong><\/p><p>Le Human Design est un outil pr\u00e9cieux de connaissance et de conscience de soi. En explorant votre fonctionnement \u00e9nerg\u00e9tique unique, il met en lumi\u00e8re votre mani\u00e8re naturelle de prendre des d\u00e9cisions, vos forces, vos conditionnements et la fa\u00e7on la plus align\u00e9e d\u2019avancer dans votre vie.<br \/>\u00c0 travers la lecture de votre <strong>carte \u00e9nerg\u00e9tique<\/strong>, vous comprenez les sch\u00e9mas r\u00e9p\u00e9titifs\/limitatifs, identifiez ce qui vous \u00e9loigne de votre nature profonde et apprenez \u00e0 vous en lib\u00e9rer. Ce processus vous invite \u00e0 vous reconna\u00eetre dans votre authenticit\u00e9, \u00e0 faire des choix plus justes, \u00e0 respecter votre rythme et \u00e0 vous reconnecter \u00e0 votre essence.<\/p><p><strong>Constell\u2019Incarnation : rencontrer sa mission de vie<\/strong><\/p><p>Pour aller plus loin dans l\u2019exploration de votre direction, je propose un accompagnement immersif d\u00e9di\u00e9 \u00e0 la d\u00e9couverte et \u00e0 la mise en lumi\u00e8re de votre <strong>croix d\u2019incarnation<\/strong>.\u00a0<br \/>\u00c0 travers une lecture approfondie et une constellation guid\u00e9e, vous partez \u00e0 la rencontre des arch\u00e9types qui composent votre mission de vie. Ce voyage int\u00e9rieur, r\u00e9v\u00e9lateur et transformateur, vous permet de vous aligner \u00e0 ce que votre \u00e2me est venue exprimer, de vous accorder \u00e0 ce qui vous anime profond\u00e9ment et de mettre du sens sur votre chemin.<\/p><p><strong>Pour qui ?<\/strong><\/p><p>Cet accompagnement en Human Design s\u2019adresse \u00e0 vous si :<\/p><ul><li>vous \u00eates en qu\u00eate de sens ou de clart\u00e9 int\u00e9rieure\u00a0;<\/li><li>vous souhaitez mieux vous conna\u00eetre et comprendre votre fonctionnement ;<\/li><li>vous traversez une p\u00e9riode de transition ou envisagez une reconversion ;<\/li><li>vous d\u00e9sirez contribuer \u00e0 un monde plus conscient ;<\/li><li>vous voulez raviver votre flamme int\u00e9rieure et retrouver votre \u00e9lan de vie ;<\/li><li>vous aspirez \u00e0 davantage d\u2019alignement.<\/li><\/ul>\t\t\t\t\t\t\t\t<\/div>\n\t\t\t\t<\/div>\n\t\t\t\t\t<\/div>\n\t\t<\/div>\n\t\t\t\t\t<\/div>\n\t\t<\/section>\n\t\t\t\t<\/div>\n\t\t","protected":false},"excerpt":{"rendered":"<p>Human Design : une boussole pour r\u00e9v\u00e9ler son essence Le Human Design est un outil pr\u00e9cieux de connaissance et de conscience de soi. En explorant votre fonctionnement \u00e9nerg\u00e9tique unique, il met en lumi\u00e8re votre mani\u00e8re naturelle de prendre des d\u00e9cisions, vos forces, vos conditionnements et la fa\u00e7on la plus align\u00e9e d\u2019avancer dans votre vie.\u00c0 travers [&hellip;]<\/p>\n","protected":false},"author":1,"featured_media":0,"parent":0,"menu_order":0,"comment_status":"closed","ping_status":"closed","template":"","meta":{"ocean_post_layout":"","ocean_both_sidebars_style":"","ocean_both_sidebars_content_width":0,"ocean_both_sidebars_sidebars_width":0,"ocean_sidebar":"","ocean_second_sidebar":"","ocean_disable_margins":"enable","ocean_add_body_class":"","ocean_shortcode_before_top_bar":"","ocean_shortcode_after_top_bar":"","ocean_shortcode_before_header":"","ocean_shortcode_after_header":"","ocean_has_shortcode":"","ocean_shortcode_after_title":"","ocean_shortcode_before_footer_widgets":"","ocean_shortcode_after_footer_widgets":"","ocean_shortcode_before_footer_bottom":"","ocean_shortcode_after_footer_bottom":"","ocean_display_top_bar":"default","ocean_display_header":"default","ocean_header_style":"","ocean_center_header_left_menu":"","ocean_custom_header_template":"","ocean_custom_logo":0,"ocean_custom_retina_logo":0,"ocean_custom_logo_max_width":0,"ocean_custom_logo_tablet_max_width":0,"ocean_custom_logo_mobile_max_width":0,"ocean_custom_logo_max_height":0,"ocean_custom_logo_tablet_max_height":0,"ocean_custom_logo_mobile_max_height":0,"ocean_header_custom_menu":"","ocean_menu_typo_font_family":"","ocean_menu_typo_font_subset":"","ocean_menu_typo_font_size":0,"ocean_menu_typo_font_size_tablet":0,"ocean_menu_typo_font_size_mobile":0,"ocean_menu_typo_font_size_unit":"px","ocean_menu_typo_font_weight":"","ocean_menu_typo_font_weight_tablet":"","ocean_menu_typo_font_weight_mobile":"","ocean_menu_typo_transform":"","ocean_menu_typo_transform_tablet":"","ocean_menu_typo_transform_mobile":"","ocean_menu_typo_line_height":0,"ocean_menu_typo_line_height_tablet":0,"ocean_menu_typo_line_height_mobile":0,"ocean_menu_typo_line_height_unit":"","ocean_menu_typo_spacing":0,"ocean_menu_typo_spacing_tablet":0,"ocean_menu_typo_spacing_mobile":0,"ocean_menu_typo_spacing_unit":"","ocean_menu_link_color":"","ocean_menu_link_color_hover":"","ocean_menu_link_color_active":"","ocean_menu_link_background":"","ocean_menu_link_hover_background":"","ocean_menu_link_active_background":"","ocean_menu_social_links_bg":"","ocean_menu_social_hover_links_bg":"","ocean_menu_social_links_color":"","ocean_menu_social_hover_links_color":"","ocean_disable_title":"default","ocean_disable_heading":"default","ocean_post_title":"","ocean_post_subheading":"","ocean_post_title_style":"","ocean_post_title_background_color":"","ocean_post_title_background":0,"ocean_post_title_bg_image_position":"","ocean_post_title_bg_image_attachment":"","ocean_post_title_bg_image_repeat":"","ocean_post_title_bg_image_size":"","ocean_post_title_height":0,"ocean_post_title_bg_overlay":0.5,"ocean_post_title_bg_overlay_color":"","ocean_disable_breadcrumbs":"default","ocean_breadcrumbs_color":"","ocean_breadcrumbs_separator_color":"","ocean_breadcrumbs_links_color":"","ocean_breadcrumbs_links_hover_color":"","ocean_display_footer_widgets":"default","ocean_display_footer_bottom":"default","ocean_custom_footer_template":"","footnotes":""},"class_list":["post-547","page","type-page","status-publish","hentry","entry"],"jetpack_sharing_enabled":true,"_links":{"self":[{"href":"https:\/\/www.jaorrshona.fr\/index.php?rest_route=\/wp\/v2\/pages\/547","targetHints":{"allow":["GET"]}}],"collection":[{"href":"https:\/\/www.jaorrshona.fr\/index.php?rest_route=\/wp\/v2\/pages"}],"about":[{"href":"https:\/\/www.jaorrshona.fr\/index.php?rest_route=\/wp\/v2\/types\/page"}],"author":[{"embeddable":true,"href":"https:\/\/www.jaorrshona.fr\/index.php?rest_route=\/wp\/v2\/users\/1"}],"replies":[{"embeddable":true,"href":"https:\/\/www.jaorrshona.fr\/index.php?rest_route=%2Fwp%2Fv2%2Fcomments&post=547"}],"version-history":[{"count":10,"href":"https:\/\/www.jaorrshona.fr\/index.php?rest_route=\/wp\/v2\/pages\/547\/revisions"}],"predecessor-version":[{"id":612,"href":"https:\/\/www.jaorrshona.fr\/index.php?rest_route=\/wp\/v2\/pages\/547\/revisions\/612"}],"wp:attachment":[{"href":"https:\/\/www.jaorrshona.fr\/index.php?rest_route=%2Fwp%2Fv2%2Fmedia&parent=547"}],"curies":[{"name":"wp","href":"https:\/\/api.w.org\/{rel}","templated":true}]}}